{"id":333,"date":"2016-11-27T13:36:22","date_gmt":"2016-11-27T11:36:22","guid":{"rendered":"http:\/\/www.kramer-tischlerei.de\/?page_id=333"},"modified":"2024-10-07T11:01:57","modified_gmt":"2024-10-07T09:01:57","slug":"terrassen-balkone","status":"publish","type":"page","link":"https:\/\/www.kramer-tischlerei.de\/?page_id=333","title":{"rendered":"Terrassen \/ Balkone"},"content":{"rendered":"<div class=\"wp-block-image\">\n<figure class=\"aligncenter size-large\"><a href=\"https:\/\/www.kramer-tischlerei.de\/wp-content\/uploads\/2024\/10\/IMG-20241007-WA0037.jpg\"><img loading=\"lazy\" decoding=\"async\" width=\"576\" height=\"1024\" src=\"https:\/\/www.kramer-tischlerei.de\/wp-content\/uploads\/2024\/10\/IMG-20241007-WA0037-576x1024.jpg\" alt=\"\" class=\"wp-image-978\" srcset=\"https:\/\/www.kramer-tischlerei.de\/wp-content\/uploads\/2024\/10\/IMG-20241007-WA0037-576x1024.jpg 576w, https:\/\/www.kramer-tischlerei.de\/wp-content\/uploads\/2024\/10\/IMG-20241007-WA0037-169x300.jpg 169w, https:\/\/www.kramer-tischlerei.de\/wp-content\/uploads\/2024\/10\/IMG-20241007-WA0037-768x1365.jpg 768w, https:\/\/www.kramer-tischlerei.de\/wp-content\/uploads\/2024\/10\/IMG-20241007-WA0037-864x1536.jpg 864w, https:\/\/www.kramer-tischlerei.de\/wp-content\/uploads\/2024\/10\/IMG-20241007-WA0037.jpg 900w\" sizes=\"auto, (max-width: 576px) 100vw, 576px\" \/><\/a><figcaption class=\"wp-element-caption\">Teich\u00fcbergang <\/figcaption><\/figure>\n<\/div>\n\n<div class=\"wp-block-image\">\n<figure class=\"aligncenter size-large\"><a href=\"https:\/\/www.kramer-tischlerei.de\/wp-content\/uploads\/2024\/10\/IMG-20241007-WA0040.jpg\"><img loading=\"lazy\" decoding=\"async\" width=\"576\" height=\"1024\" src=\"https:\/\/www.kramer-tischlerei.de\/wp-content\/uploads\/2024\/10\/IMG-20241007-WA0040-576x1024.jpg\" alt=\"\" class=\"wp-image-977\" srcset=\"https:\/\/www.kramer-tischlerei.de\/wp-content\/uploads\/2024\/10\/IMG-20241007-WA0040-576x1024.jpg 576w, https:\/\/www.kramer-tischlerei.de\/wp-content\/uploads\/2024\/10\/IMG-20241007-WA0040-169x300.jpg 169w, https:\/\/www.kramer-tischlerei.de\/wp-content\/uploads\/2024\/10\/IMG-20241007-WA0040-768x1365.jpg 768w, https:\/\/www.kramer-tischlerei.de\/wp-content\/uploads\/2024\/10\/IMG-20241007-WA0040-864x1536.jpg 864w, https:\/\/www.kramer-tischlerei.de\/wp-content\/uploads\/2024\/10\/IMG-20241007-WA0040.jpg 900w\" sizes=\"auto, (max-width: 576px) 100vw, 576px\" \/><\/a><\/figure>\n<\/div>\n\n<div class=\"wp-block-image\">\n<figure class=\"aligncenter size-large\"><a href=\"https:\/\/www.kramer-tischlerei.de\/wp-content\/uploads\/2024\/10\/IMG-20241007-WA0043.jpg\"><img loading=\"lazy\" decoding=\"async\" width=\"1024\" height=\"768\" src=\"https:\/\/www.kramer-tischlerei.de\/wp-content\/uploads\/2024\/10\/IMG-20241007-WA0043-1024x768.jpg\" alt=\"\n\" class=\"wp-image-975\" title=\"\" srcset=\"https:\/\/www.kramer-tischlerei.de\/wp-content\/uploads\/2024\/10\/IMG-20241007-WA0043-1024x768.jpg 1024w, https:\/\/www.kramer-tischlerei.de\/wp-content\/uploads\/2024\/10\/IMG-20241007-WA0043-300x225.jpg 300w, https:\/\/www.kramer-tischlerei.de\/wp-content\/uploads\/2024\/10\/IMG-20241007-WA0043-768x576.jpg 768w, https:\/\/www.kramer-tischlerei.de\/wp-content\/uploads\/2024\/10\/IMG-20241007-WA0043-1536x1152.jpg 1536w, https:\/\/www.kramer-tischlerei.de\/wp-content\/uploads\/2024\/10\/IMG-20241007-WA0043.jpg 1600w\" sizes=\"auto, (max-width: 1024px) 100vw, 1024px\" \/><\/a><figcaption class=\"wp-element-caption\">Gartenhaus<\/figcaption><\/figure>\n<\/div>\n\n<p>&nbsp;<\/p>\n<figure id=\"attachment_120\" aria-describedby=\"caption-attachment-120\" style=\"width: 640px\" class=\"wp-caption aligncenter\"><a href=\"http:\/\/www.kramer-tischlerei.de\/wp-content\/uploads\/2014\/01\/IMG_3084.jpg\"><img loading=\"lazy\" decoding=\"async\" class=\"size-large wp-image-120\" src=\"http:\/\/www.kramer-tischlerei.de\/wp-content\/uploads\/2014\/01\/IMG_3084-1024x768.jpg\" alt=\"Fachm\u00e4nnisches Verlegen von Terrassendielen incl. Beleuchtungsinstallation\" width=\"640\" height=\"480\" srcset=\"https:\/\/www.kramer-tischlerei.de\/wp-content\/uploads\/2014\/01\/IMG_3084-1024x768.jpg 1024w, https:\/\/www.kramer-tischlerei.de\/wp-content\/uploads\/2014\/01\/IMG_3084-300x225.jpg 300w\" sizes=\"auto, (max-width: 640px) 100vw, 640px\" \/><\/a><figcaption id=\"caption-attachment-120\" class=\"wp-caption-text\">Fachm\u00e4nnisches Verlegen von Terrassendielen incl. Beleuchtungsinstallation<\/figcaption><\/figure>\n<p>&nbsp;<\/p>\n<figure id=\"attachment_609\" aria-describedby=\"caption-attachment-609\" style=\"width: 474px\" class=\"wp-caption aligncenter\"><a href=\"http:\/\/www.kramer-tischlerei.de\/wp-content\/uploads\/2016\/11\/Terrassen\u00fcberarbeitung_Bangkirei.jpg\"><img loading=\"lazy\" decoding=\"async\" class=\"wp-image-609 size-large\" src=\"http:\/\/www.kramer-tischlerei.de\/wp-content\/uploads\/2016\/11\/Terrassen\u00fcberarbeitung_Bangkirei-1024x768.jpg\" alt=\"\" width=\"474\" height=\"356\" srcset=\"https:\/\/www.kramer-tischlerei.de\/wp-content\/uploads\/2016\/11\/Terrassen\u00fcberarbeitung_Bangkirei-1024x768.jpg 1024w, https:\/\/www.kramer-tischlerei.de\/wp-content\/uploads\/2016\/11\/Terrassen\u00fcberarbeitung_Bangkirei-300x225.jpg 300w, https:\/\/www.kramer-tischlerei.de\/wp-content\/uploads\/2016\/11\/Terrassen\u00fcberarbeitung_Bangkirei-768x576.jpg 768w, https:\/\/www.kramer-tischlerei.de\/wp-content\/uploads\/2016\/11\/Terrassen\u00fcberarbeitung_Bangkirei.jpg 2016w\" sizes=\"auto, (max-width: 474px) 100vw, 474px\" \/><\/a><figcaption id=\"caption-attachment-609\" class=\"wp-caption-text\">\u00dcberarbeiten alter Terrassenbel\u00e4ge ist auch m\u00f6glich<\/figcaption><\/figure>\n<p>&nbsp;<\/p>\n<figure id=\"attachment_334\" aria-describedby=\"caption-attachment-334\" style=\"width: 640px\" class=\"wp-caption aligncenter\"><a href=\"http:\/\/www.kramer-tischlerei.de\/wp-content\/uploads\/2016\/11\/IMG_5739.jpg\"><img loading=\"lazy\" decoding=\"async\" class=\"wp-image-334 size-large\" src=\"http:\/\/www.kramer-tischlerei.de\/wp-content\/uploads\/2016\/11\/IMG_5739-1024x768.jpg\" alt=\"img_5739\" width=\"640\" height=\"480\" srcset=\"https:\/\/www.kramer-tischlerei.de\/wp-content\/uploads\/2016\/11\/IMG_5739-1024x768.jpg 1024w, https:\/\/www.kramer-tischlerei.de\/wp-content\/uploads\/2016\/11\/IMG_5739-300x225.jpg 300w, https:\/\/www.kramer-tischlerei.de\/wp-content\/uploads\/2016\/11\/IMG_5739-768x576.jpg 768w\" sizes=\"auto, (max-width: 640px) 100vw, 640px\" \/><\/a><figcaption id=\"caption-attachment-334\" class=\"wp-caption-text\">BPC mit Gummidichtungen zwischen den einzelnen Brettern. Rutschhemmend und verschluss der Zwischenr\u00e4ume<\/figcaption><\/figure>\n<p>&nbsp;<\/p>\n<p>&nbsp;<\/p>\n<p>&nbsp;<\/p>\n<figure id=\"attachment_335\" aria-describedby=\"caption-attachment-335\" style=\"width: 640px\" class=\"wp-caption aligncenter\"><a href=\"http:\/\/www.kramer-tischlerei.de\/wp-content\/uploads\/2016\/11\/IMG_6077.jpg\"><img loading=\"lazy\" decoding=\"async\" class=\"wp-image-335 size-large\" src=\"http:\/\/www.kramer-tischlerei.de\/wp-content\/uploads\/2016\/11\/IMG_6077-768x1024.jpg\" alt=\"img_6077\" width=\"640\" height=\"853\" srcset=\"https:\/\/www.kramer-tischlerei.de\/wp-content\/uploads\/2016\/11\/IMG_6077-768x1024.jpg 768w, https:\/\/www.kramer-tischlerei.de\/wp-content\/uploads\/2016\/11\/IMG_6077-225x300.jpg 225w, https:\/\/www.kramer-tischlerei.de\/wp-content\/uploads\/2016\/11\/IMG_6077.jpg 1469w\" sizes=\"auto, (max-width: 640px) 100vw, 640px\" \/><\/a><figcaption id=\"caption-attachment-335\" class=\"wp-caption-text\">Bangkireibelag<\/figcaption><\/figure>\n<figure id=\"attachment_611\" aria-describedby=\"caption-attachment-611\" style=\"width: 474px\" class=\"wp-caption aligncenter\"><a href=\"http:\/\/www.kramer-tischlerei.de\/wp-content\/uploads\/2016\/11\/Balkonbelag_Sib.L\u00e4rche.jpg\"><img loading=\"lazy\" decoding=\"async\" class=\"wp-image-611 size-large\" src=\"http:\/\/www.kramer-tischlerei.de\/wp-content\/uploads\/2016\/11\/Balkonbelag_Sib.L\u00e4rche-1024x768.jpg\" alt=\"\" width=\"474\" height=\"356\" srcset=\"https:\/\/www.kramer-tischlerei.de\/wp-content\/uploads\/2016\/11\/Balkonbelag_Sib.L\u00e4rche-1024x768.jpg 1024w, https:\/\/www.kramer-tischlerei.de\/wp-content\/uploads\/2016\/11\/Balkonbelag_Sib.L\u00e4rche-300x225.jpg 300w, https:\/\/www.kramer-tischlerei.de\/wp-content\/uploads\/2016\/11\/Balkonbelag_Sib.L\u00e4rche-768x576.jpg 768w, https:\/\/www.kramer-tischlerei.de\/wp-content\/uploads\/2016\/11\/Balkonbelag_Sib.L\u00e4rche.jpg 2016w\" sizes=\"auto, (max-width: 474px) 100vw, 474px\" \/><\/a><figcaption id=\"caption-attachment-611\" class=\"wp-caption-text\">Sibirische L\u00e4rche<\/figcaption><\/figure>\n<p>&nbsp;<\/p>\n<p>&nbsp;<\/p>\n<figure id=\"attachment_496\" aria-describedby=\"caption-attachment-496\" style=\"width: 474px\" class=\"wp-caption aligncenter\"><a href=\"http:\/\/www.kramer-tischlerei.de\/wp-content\/uploads\/2016\/11\/IMG_9325.jpg\"><img loading=\"lazy\" decoding=\"async\" class=\"wp-image-496 size-large\" src=\"http:\/\/www.kramer-tischlerei.de\/wp-content\/uploads\/2016\/11\/IMG_9325-1024x283.jpg\" alt=\"\" width=\"474\" height=\"131\" srcset=\"https:\/\/www.kramer-tischlerei.de\/wp-content\/uploads\/2016\/11\/IMG_9325-1024x283.jpg 1024w, https:\/\/www.kramer-tischlerei.de\/wp-content\/uploads\/2016\/11\/IMG_9325-300x83.jpg 300w, https:\/\/www.kramer-tischlerei.de\/wp-content\/uploads\/2016\/11\/IMG_9325-768x212.jpg 768w\" sizes=\"auto, (max-width: 474px) 100vw, 474px\" \/><\/a><figcaption id=\"caption-attachment-496\" class=\"wp-caption-text\">Auf unserer Terrassenbodenmusterfl\u00e4che am Hinterhof der Tischlerei k\u00f6nnen wir sie gerne beraten<\/figcaption><\/figure>\n<p>&nbsp;<\/p>\n<figure id=\"attachment_650\" aria-describedby=\"caption-attachment-650\" style=\"width: 474px\" class=\"wp-caption aligncenter\"><a href=\"http:\/\/www.kramer-tischlerei.de\/wp-content\/uploads\/2016\/11\/75.jpg\"><img loading=\"lazy\" decoding=\"async\" class=\"wp-image-650 size-large\" src=\"http:\/\/www.kramer-tischlerei.de\/wp-content\/uploads\/2016\/11\/75-1024x768.jpg\" alt=\"\" width=\"474\" height=\"356\" srcset=\"https:\/\/www.kramer-tischlerei.de\/wp-content\/uploads\/2016\/11\/75-1024x768.jpg 1024w, https:\/\/www.kramer-tischlerei.de\/wp-content\/uploads\/2016\/11\/75-300x225.jpg 300w, https:\/\/www.kramer-tischlerei.de\/wp-content\/uploads\/2016\/11\/75-768x576.jpg 768w, https:\/\/www.kramer-tischlerei.de\/wp-content\/uploads\/2016\/11\/75.jpg 1600w\" sizes=\"auto, (max-width: 474px) 100vw, 474px\" \/><\/a><figcaption id=\"caption-attachment-650\" class=\"wp-caption-text\">Teichsteg<\/figcaption><\/figure>\n<p>&nbsp;<\/p>\n<figure id=\"attachment_652\" aria-describedby=\"caption-attachment-652\" style=\"width: 474px\" class=\"wp-caption aligncenter\"><a href=\"http:\/\/www.kramer-tischlerei.de\/wp-content\/uploads\/2016\/11\/43.jpg\"><img loading=\"lazy\" decoding=\"async\" class=\"wp-image-652 size-large\" src=\"http:\/\/www.kramer-tischlerei.de\/wp-content\/uploads\/2016\/11\/43-768x1024.jpg\" alt=\"\" width=\"474\" height=\"632\" srcset=\"https:\/\/www.kramer-tischlerei.de\/wp-content\/uploads\/2016\/11\/43-768x1024.jpg 768w, https:\/\/www.kramer-tischlerei.de\/wp-content\/uploads\/2016\/11\/43-225x300.jpg 225w, https:\/\/www.kramer-tischlerei.de\/wp-content\/uploads\/2016\/11\/43.jpg 1200w\" sizes=\"auto, (max-width: 474px) 100vw, 474px\" \/><\/a><figcaption id=\"caption-attachment-652\" class=\"wp-caption-text\">Passgenauer Sitzkreis mit Bedachung um Baum<\/figcaption><\/figure>\n<p>&nbsp;<\/p>\n<figure id=\"attachment_655\" aria-describedby=\"caption-attachment-655\" style=\"width: 474px\" class=\"wp-caption aligncenter\"><a href=\"http:\/\/www.kramer-tischlerei.de\/wp-content\/uploads\/2016\/11\/35.jpg\"><img loading=\"lazy\" decoding=\"async\" class=\"wp-image-655 size-large\" src=\"http:\/\/www.kramer-tischlerei.de\/wp-content\/uploads\/2016\/11\/35-768x1024.jpg\" alt=\"\" width=\"474\" height=\"632\" srcset=\"https:\/\/www.kramer-tischlerei.de\/wp-content\/uploads\/2016\/11\/35-768x1024.jpg 768w, https:\/\/www.kramer-tischlerei.de\/wp-content\/uploads\/2016\/11\/35-225x300.jpg 225w, https:\/\/www.kramer-tischlerei.de\/wp-content\/uploads\/2016\/11\/35.jpg 1200w\" sizes=\"auto, (max-width: 474px) 100vw, 474px\" \/><\/a><figcaption id=\"caption-attachment-655\" class=\"wp-caption-text\">Carport mit Rombusleisten<\/figcaption><\/figure>\n<p>&nbsp;<\/p>\n<figure id=\"attachment_657\" aria-describedby=\"caption-attachment-657\" style=\"width: 474px\" class=\"wp-caption aligncenter\"><a href=\"http:\/\/www.kramer-tischlerei.de\/wp-content\/uploads\/2016\/11\/34.jpg\"><img loading=\"lazy\" decoding=\"async\" class=\"wp-image-657 size-large\" src=\"http:\/\/www.kramer-tischlerei.de\/wp-content\/uploads\/2016\/11\/34-1024x768.jpg\" alt=\"\" width=\"474\" height=\"356\" srcset=\"https:\/\/www.kramer-tischlerei.de\/wp-content\/uploads\/2016\/11\/34-1024x768.jpg 1024w, https:\/\/www.kramer-tischlerei.de\/wp-content\/uploads\/2016\/11\/34-300x225.jpg 300w, https:\/\/www.kramer-tischlerei.de\/wp-content\/uploads\/2016\/11\/34-768x576.jpg 768w, https:\/\/www.kramer-tischlerei.de\/wp-content\/uploads\/2016\/11\/34.jpg 1600w\" sizes=\"auto, (max-width: 474px) 100vw, 474px\" \/><\/a><figcaption id=\"caption-attachment-657\" class=\"wp-caption-text\">Pflanzenk\u00e4sten; passend zum Carport mit Rombusleisten<\/figcaption><\/figure>\n<p>&nbsp;<\/p>\n<figure id=\"attachment_656\" aria-describedby=\"caption-attachment-656\" style=\"width: 474px\" class=\"wp-caption aligncenter\"><a href=\"http:\/\/www.kramer-tischlerei.de\/wp-content\/uploads\/2016\/11\/100.jpg\"><img loading=\"lazy\" decoding=\"async\" class=\"wp-image-656 size-large\" src=\"http:\/\/www.kramer-tischlerei.de\/wp-content\/uploads\/2016\/11\/100-1024x576.jpg\" alt=\"\" width=\"474\" height=\"267\" srcset=\"https:\/\/www.kramer-tischlerei.de\/wp-content\/uploads\/2016\/11\/100.jpg 1024w, https:\/\/www.kramer-tischlerei.de\/wp-content\/uploads\/2016\/11\/100-300x169.jpg 300w, https:\/\/www.kramer-tischlerei.de\/wp-content\/uploads\/2016\/11\/100-768x432.jpg 768w\" sizes=\"auto, (max-width: 474px) 100vw, 474px\" \/><\/a><figcaption id=\"caption-attachment-656\" class=\"wp-caption-text\">Poolhaus mit Verkleidung aus Rombusleisten\/Kompaktplatten und Terrasse mit BPC-Dielen<\/figcaption><\/figure>\n<p>&nbsp;<\/p>\n<figure id=\"attachment_729\" aria-describedby=\"caption-attachment-729\" style=\"width: 474px\" class=\"wp-caption aligncenter\"><a href=\"http:\/\/www.kramer-tischlerei.de\/wp-content\/uploads\/2016\/11\/O.jpg\"><img loading=\"lazy\" decoding=\"async\" class=\"wp-image-729 size-large\" src=\"http:\/\/www.kramer-tischlerei.de\/wp-content\/uploads\/2016\/11\/O-768x1024.jpg\" alt=\"\" width=\"474\" height=\"632\" srcset=\"https:\/\/www.kramer-tischlerei.de\/wp-content\/uploads\/2016\/11\/O-768x1024.jpg 768w, https:\/\/www.kramer-tischlerei.de\/wp-content\/uploads\/2016\/11\/O-225x300.jpg 225w, https:\/\/www.kramer-tischlerei.de\/wp-content\/uploads\/2016\/11\/O.jpg 1200w\" sizes=\"auto, (max-width: 474px) 100vw, 474px\" \/><\/a><figcaption id=\"caption-attachment-729\" class=\"wp-caption-text\">Outdoor K\u00fcchenzeile<\/figcaption><\/figure>\n<p>&nbsp;<\/p>","protected":false},"excerpt":{"rendered":"<p>&nbsp; &nbsp; &nbsp; &nbsp; &nbsp; &nbsp; &nbsp; &nbsp; &nbsp; &nbsp; &nbsp; &nbsp; &nbsp; &nbsp; &nbsp;<\/p>\n","protected":false},"author":1,"featured_media":0,"parent":30,"menu_order":0,"comment_status":"closed","ping_status":"closed","template":"page-templates\/full-width.php","meta":{"ngg_post_thumbnail":0,"footnotes":""},"class_list":["post-333","page","type-page","status-publish","hentry"],"_links":{"self":[{"href":"https:\/\/www.kramer-tischlerei.de\/index.php?rest_route=\/wp\/v2\/pages\/333","targetHints":{"allow":["GET"]}}],"collection":[{"href":"https:\/\/www.kramer-tischlerei.de\/index.php?rest_route=\/wp\/v2\/pages"}],"about":[{"href":"https:\/\/www.kramer-tischlerei.de\/index.php?rest_route=\/wp\/v2\/types\/page"}],"author":[{"embeddable":true,"href":"https:\/\/www.kramer-tischlerei.de\/index.php?rest_route=\/wp\/v2\/users\/1"}],"replies":[{"embeddable":true,"href":"https:\/\/www.kramer-tischlerei.de\/index.php?rest_route=%2Fwp%2Fv2%2Fcomments&post=333"}],"version-history":[{"count":10,"href":"https:\/\/www.kramer-tischlerei.de\/index.php?rest_route=\/wp\/v2\/pages\/333\/revisions"}],"predecessor-version":[{"id":979,"href":"https:\/\/www.kramer-tischlerei.de\/index.php?rest_route=\/wp\/v2\/pages\/333\/revisions\/979"}],"up":[{"embeddable":true,"href":"https:\/\/www.kramer-tischlerei.de\/index.php?rest_route=\/wp\/v2\/pages\/30"}],"wp:attachment":[{"href":"https:\/\/www.kramer-tischlerei.de\/index.php?rest_route=%2Fwp%2Fv2%2Fmedia&parent=333"}],"curies":[{"name":"wp","href":"https:\/\/api.w.org\/{rel}","templated":true}]}}